{"id":18,"date":"2021-01-28T03:34:32","date_gmt":"2021-01-28T03:34:32","guid":{"rendered":"https:\/\/chonoradio.com\/principal\/?page_id=18"},"modified":"2021-08-19T16:24:57","modified_gmt":"2021-08-19T16:24:57","slug":"acerca-de","status":"publish","type":"page","link":"https:\/\/chonoradio.com\/principal\/acerca-de\/","title":{"rendered":"Acerca de"},"content":{"rendered":"\n<p><strong>Chono Radio, nace de la charla entre varios amigos que disfrutamos de la m\u00fasica,  cada quien tiene un genero que lo identifica, por esa raz\u00f3n el slogan es &#8220;De Todo un Poco&#8221;.<\/strong><\/p>\n\n\n\n<p><strong>Entendemos que todos los g\u00e9neros tiene m\u00fasica que te pueden transportar a un recuerdo, o te pueden cambiar tu estado de animo. <\/strong><\/p>\n\n\n\n<p><strong>Cada Tema tiene un significado especial para una persona, puede hacerte llorar, Re\u00edr o Suspirar.<\/strong><\/p>\n\n\n\n<p><strong>Disfruta la vida acompa\u00f1ado de Chono Radio..<\/strong><\/p>\n ","protected":false},"excerpt":{"rendered":"<p>Chono Radio, nace de la charla entre varios amigos que disfrutamos de la m\u00fasica, cada quien tiene un genero que lo identifica, por esa raz\u00f3n el slogan es &#8220;De Todo un Poco&#8221;. Entendemos que todos los g\u00e9neros tiene m\u00fasica que te pueden transportar a un recuerdo, o te pueden cambiar tu estado de animo. Cada &hellip; <\/p>\n<p class=\"link-more\"><a href=\"https:\/\/chonoradio.com\/principal\/acerca-de\/\" class=\"more-link\">Continuar leyendo<span class=\"screen-reader-text\"> &#8220;Acerca de&#8221;<\/span><\/a><\/p>\n","protected":false},"author":1,"featured_media":72,"parent":0,"menu_order":0,"comment_status":"closed","ping_status":"closed","template":"","meta":{"_monsterinsights_skip_tracking":false,"_monsterinsights_sitenote_active":false,"_monsterinsights_sitenote_note":"","_monsterinsights_sitenote_category":0,"footnotes":""},"class_list":["post-18","page","type-page","status-publish","has-post-thumbnail","hentry"],"aioseo_notices":[],"_links":{"self":[{"href":"https:\/\/chonoradio.com\/principal\/wp-json\/wp\/v2\/pages\/18","targetHints":{"allow":["GET"]}}],"collection":[{"href":"https:\/\/chonoradio.com\/principal\/wp-json\/wp\/v2\/pages"}],"about":[{"href":"https:\/\/chonoradio.com\/principal\/wp-json\/wp\/v2\/types\/page"}],"author":[{"embeddable":true,"href":"https:\/\/chonoradio.com\/principal\/wp-json\/wp\/v2\/users\/1"}],"replies":[{"embeddable":true,"href":"https:\/\/chonoradio.com\/principal\/wp-json\/wp\/v2\/comments?post=18"}],"version-history":[{"count":7,"href":"https:\/\/chonoradio.com\/principal\/wp-json\/wp\/v2\/pages\/18\/revisions"}],"predecessor-version":[{"id":103,"href":"https:\/\/chonoradio.com\/principal\/wp-json\/wp\/v2\/pages\/18\/revisions\/103"}],"wp:featuredmedia":[{"embeddable":true,"href":"https:\/\/chonoradio.com\/principal\/wp-json\/wp\/v2\/media\/72"}],"wp:attachment":[{"href":"https:\/\/chonoradio.com\/principal\/wp-json\/wp\/v2\/media?parent=18"}],"curies":[{"name":"wp","href":"https:\/\/api.w.org\/{rel}","templated":true}]}}